{"id":50,"date":"2016-02-02T12:25:32","date_gmt":"2016-02-02T11:25:32","guid":{"rendered":"http:\/\/www.thueringen.freidenker.org\/cms\/?page_id=50"},"modified":"2020-03-03T23:05:13","modified_gmt":"2020-03-03T22:05:13","slug":"kv-jena","status":"publish","type":"page","link":"https:\/\/www.thueringen.freidenker.org\/index.php\/kreisverbaende\/kv-jena\/","title":{"rendered":"KV Jena"},"content":{"rendered":"<div id=\"attachment_189\" style=\"width: 410px\" class=\"wp-caption alignnone\"><img data-recalc-dims=\"1\" loading=\"lazy\" decoding=\"async\" aria-describedby=\"caption-attachment-189\" data-attachment-id=\"189\" data-permalink=\"https:\/\/www.thueringen.freidenker.org\/index.php\/kreisverbaende\/kv-jena\/zentrum_jenas_2008-05-24\/\" data-orig-file=\"https:\/\/i0.wp.com\/www.thueringen.freidenker.org\/cms\/wp-content\/uploads\/2016\/02\/Zentrum_Jenas_2008-05-24.jpg?fit=640%2C427&amp;ssl=1\" data-orig-size=\"640,427\" data-comments-opened=\"1\" data-image-meta=\"{&quot;aperture&quot;:&quot;0&quot;,&quot;credit&quot;:&quot;&quot;,&quot;camera&quot;:&quot;&quot;,&quot;caption&quot;:&quot;&quot;,&quot;created_timestamp&quot;:&quot;0&quot;,&quot;copyright&quot;:&quot;&quot;,&quot;focal_length&quot;:&quot;0&quot;,&quot;iso&quot;:&quot;0&quot;,&quot;shutter_speed&quot;:&quot;0&quot;,&quot;title&quot;:&quot;&quot;,&quot;orientation&quot;:&quot;0&quot;}\" data-image-title=\"Zentrum Jenas 24-05-2008 (Wikipedia, Henry M\u00fchlpfordt, CC BY-SA 3.0)\" data-image-description=\"&lt;p&gt;Zentrum Jenas 24-05-2008 (Wikipedia, Henry M\u00fchlpfordt, CC BY-SA 3.0)&lt;\/p&gt;\n\" data-image-caption=\"&lt;p&gt;Zentrum Jenas 24-05-2008 (Wikipedia, Henry M\u00fchlpfordt, CC BY-SA 3.0)&lt;\/p&gt;\n\" data-large-file=\"https:\/\/i0.wp.com\/www.thueringen.freidenker.org\/cms\/wp-content\/uploads\/2016\/02\/Zentrum_Jenas_2008-05-24.jpg?fit=640%2C427&amp;ssl=1\" class=\"wp-image-189\" src=\"https:\/\/i0.wp.com\/www.thueringen.freidenker.org\/cms\/wp-content\/uploads\/2016\/02\/Zentrum_Jenas_2008-05-24.jpg?resize=400%2C267\" alt=\"Zentrum Jenas 24-05-2008 (Wikipedia, Henry M\u00fchlpfordt, CC BY-SA 3.0)\" width=\"400\" height=\"267\" srcset=\"https:\/\/i0.wp.com\/www.thueringen.freidenker.org\/cms\/wp-content\/uploads\/2016\/02\/Zentrum_Jenas_2008-05-24.jpg?w=640&amp;ssl=1 640w, https:\/\/i0.wp.com\/www.thueringen.freidenker.org\/cms\/wp-content\/uploads\/2016\/02\/Zentrum_Jenas_2008-05-24.jpg?resize=300%2C200&amp;ssl=1 300w\" sizes=\"auto, (max-width: 400px) 100vw, 400px\" \/><p id=\"caption-attachment-189\" class=\"wp-caption-text\">Zentrum Jenas am 24.05.2008 (<a href=\"https:\/\/commons.wikimedia.org\/wiki\/File:Zentrum_Jenas_2008-05-24.JPG\" target=\"_blank\" rel=\"noopener noreferrer\">Wikipedia<\/a>, Henry M\u00fchlpfordt, CC BY-SA 3.0)<\/p><\/div>\n<p><strong>Willkommen auf den Internetseiten des im Jahre 1993 gegr\u00fcndeten Kreisverbandes Jena.<\/strong><\/p>\n<p>Auf unserer Internetpr\u00e4sentation finden Sie <a href=\"https:\/\/www.thueringen.freidenker.org\/index.php\/category\/dfv-thueringen\/dfv-jena\/\">Aktuelles<\/a>, <a href=\"http:\/\/www.thueringen.freidenker.org\/index.php\/kreisverbaende\/kv-jena\/aktuelles\/\">Informationen<\/a>, Positionen, <a href=\"http:\/\/www.thueringen.freidenker.org\/index.php\/kreisverbaende\/kv-jena\/texte\/\">Texte<\/a> sowie weitere Angebote unseres Kreisverbandes.<\/p>\n<p><strong>Verantwortlich f\u00fcr den Inhalt ist:<\/strong><\/p>\n<p><strong>Witold Fischer, Kreisvorsitzender <\/strong>(V.i.S.d.P.)<br \/>\nE-Mail: <a href=\"mailto:dfv-jena@freidenker.org\">dfv-jena@freidenker.org<\/a><\/p>\n<p>Namentlich gekennzeichnete Beitr\u00e4ge geben die Meinung des jeweiligen Autors wieder.<\/p>\n","protected":false},"excerpt":{"rendered":"<p>Willkommen auf den Internetseiten des im Jahre 1993 gegr\u00fcndeten Kreisverbandes Jena. Auf unserer Internetpr\u00e4sentation finden Sie Aktuelles, Informationen, Positionen, Texte sowie weitere Angebote unseres Kreisverbandes. Verantwortlich f\u00fcr den Inhalt ist: Witold Fischer, Kreisvorsitzender (V.i.S.d.P.) E-Mail: dfv-jena@freidenker.org Namentlich gekennzeichnete Beitr\u00e4ge geben die Meinung des jeweiligen Autors wieder.<\/p>\n","protected":false},"author":1,"featured_media":0,"parent":42,"menu_order":105,"comment_status":"closed","ping_status":"closed","template":"","meta":{"jetpack_post_was_ever_published":false,"footnotes":""},"class_list":["post-50","page","type-page","status-publish","hentry"],"jetpack_shortlink":"https:\/\/wp.me\/P7cwsB-O","jetpack-related-posts":[{"id":44,"url":"https:\/\/www.thueringen.freidenker.org\/index.php\/kreisverbaende\/kv-eisenach\/","url_meta":{"origin":50,"position":0},"title":"KV Eisenach","author":"Webmaster","date":"2. Februar 2016","format":false,"excerpt":"Willkommen auf den Internetseiten des Kreisverbandes Eisenach. Der DFV-Kreisverband Eisenach\/Wartburgkreis e.V. besitzt eigene Rechtsf\u00e4higkeit. Auf unserer Internetpr\u00e4sentation finden Sie Informationen, Positionen sowie Angebote unseres Kreisverbandes. Verantwortlich f\u00fcr den Inhalt ist (V.i.S.d.P.): Karin May Hinter dem Rain 2B 99817 Eisenach Te.l: 03691 71380 E-Mail: dfv-eisenach@freidenker.org Redaktion der Eisenacher Seiten: Simone Kr\u00fcger\u2026","rel":"","context":"\u00c4hnlicher Beitrag","block_context":{"text":"\u00c4hnlicher Beitrag","link":""},"img":{"alt_text":"Wartburg, Eisenach \/\/ FotoHiero \/ pixelio.de","src":"https:\/\/i0.wp.com\/www.thueringen.freidenker.org\/cms\/wp-content\/uploads\/2016\/02\/710592_web_R_by_FotoHiero_pixelio.de_.jpg?resize=350%2C200","width":350,"height":200},"classes":[]},{"id":46,"url":"https:\/\/www.thueringen.freidenker.org\/index.php\/kreisverbaende\/kv-erfurt\/","url_meta":{"origin":50,"position":1},"title":"KV Erfurt","author":"Webmaster","date":"2. Februar 2016","format":false,"excerpt":"Willkommen auf den Internetseiten des Kreisverbandes Erfurt und Umland. Auf unserer Internetpr\u00e4sentation finden Sie Informationen, Positionen, Texte sowie weitere Angebote unseres Kreisverbandes. Aktuelle Nachrichten zum DFV Erfurt erhalten Sie auf unserer Seite Aktuelles. Bitte fragen Sie f\u00fcr die aktuellen Veranstaltungen des DFV Erfurt \u00fcber unsere E-Mail dfv-erfurt@freidenker.org\u00a0an. Hinweis zu unseren\u2026","rel":"","context":"\u00c4hnlicher Beitrag","block_context":{"text":"\u00c4hnlicher Beitrag","link":""},"img":{"alt_text":"Erfurt, Kr\u00e4merbr\u00fccker \/\/ Michael Loeper \/ pixelio.de","src":"https:\/\/i0.wp.com\/www.thueringen.freidenker.org\/cms\/wp-content\/uploads\/2016\/02\/736601_web_R_K_B_by_Michael-Loeper_pixelio.de_.jpg?resize=350%2C200","width":350,"height":200},"classes":[]},{"id":197,"url":"https:\/\/www.thueringen.freidenker.org\/index.php\/kreisverbaende\/kv-jena\/texte\/","url_meta":{"origin":50,"position":2},"title":"Texte","author":"Webmaster","date":"3. Februar 2016","format":false,"excerpt":"Klaus Otto: Herrn Sarrazins feindliche Manipulationen Witold Fischer: Angst Zu den fortgesetzten Verleumdungen verdienter \u00c4rzte","rel":"","context":"\u00c4hnlicher Beitrag","block_context":{"text":"\u00c4hnlicher Beitrag","link":""},"img":{"alt_text":"","src":"","width":0,"height":0},"classes":[]},{"id":239,"url":"https:\/\/www.thueringen.freidenker.org\/index.php\/kreisverbaende\/kv-jena\/texte\/aids-ist-besiegbar\/","url_meta":{"origin":50,"position":3},"title":"AIDS ist besiegbar","author":"Webmaster","date":"3. Februar 2016","format":false,"excerpt":"Neuere Ergebnisse alternativer Behandlungsversuche in Afrika und Europa Seit Prof. Jakob Segal in der Mitte der 1980er Jahre die These formulierte, beim HIV-Virus handele es sich um eine Kombination des f\u00fcr Schafe t\u00f6dlichen Visna-Virus mit einer ca. 300 Nukleotide langen Sequenz des 1975 entdeckten HTLV-I-Virus, hat diese Theorie und die\u2026","rel":"","context":"\u00c4hnlicher Beitrag","block_context":{"text":"\u00c4hnlicher Beitrag","link":""},"img":{"alt_text":"","src":"","width":0,"height":0},"classes":[]},{"id":195,"url":"https:\/\/www.thueringen.freidenker.org\/index.php\/kreisverbaende\/kv-jena\/vorstand\/","url_meta":{"origin":50,"position":4},"title":"Vorstand","author":"Webmaster","date":"3. Februar 2016","format":false,"excerpt":"Deutscher Freidenker-Verband, Landesverband Th\u00fcringen e.V., Kreisverband Jena Kreisvorsitzender Witold Fischer Dornburger Stra\u00dfe 149 07743 Jena Tel.: 0160 6517413 E-Mail: dfv-jena@freidenker.org Kassierer Heinz Timm","rel":"","context":"\u00c4hnlicher Beitrag","block_context":{"text":"\u00c4hnlicher Beitrag","link":""},"img":{"alt_text":"","src":"","width":0,"height":0},"classes":[]},{"id":236,"url":"https:\/\/www.thueringen.freidenker.org\/index.php\/kreisverbaende\/kv-jena\/texte\/zum-fall-rosemarie-albrecht-staatlich-sanktionierter-rufmord\/","url_meta":{"origin":50,"position":5},"title":"Zum &#8222;Fall Rosemarie Albrecht, staatlich sanktionierter Rufmord?&#8220;","author":"Webmaster","date":"3. Februar 2016","format":false,"excerpt":"Kurzfassung Stefan Otto \/ Zwickau geboren in Jena, lebte dort \u00fcber 20 Jahre in der Prof.-Ibrahim-Stra\u00dfe 16, in der Stra\u00dfe, wo auch Frau Prof. Albrecht noch heute wohnt. Nun hat es die OTZ am 21.09. dargelegt: Es gibt stichhaltige Gutachten, dass auch die letzte der angeblich 159 von Frau Professor\u2026","rel":"","context":"\u00c4hnlicher Beitrag","block_context":{"text":"\u00c4hnlicher Beitrag","link":""},"img":{"alt_text":"","src":"","width":0,"height":0},"classes":[]}],"jetpack_sharing_enabled":true,"_links":{"self":[{"href":"https:\/\/www.thueringen.freidenker.org\/index.php\/wp-json\/wp\/v2\/pages\/50","targetHints":{"allow":["GET"]}}],"collection":[{"href":"https:\/\/www.thueringen.freidenker.org\/index.php\/wp-json\/wp\/v2\/pages"}],"about":[{"href":"https:\/\/www.thueringen.freidenker.org\/index.php\/wp-json\/wp\/v2\/types\/page"}],"author":[{"embeddable":true,"href":"https:\/\/www.thueringen.freidenker.org\/index.php\/wp-json\/wp\/v2\/users\/1"}],"replies":[{"embeddable":true,"href":"https:\/\/www.thueringen.freidenker.org\/index.php\/wp-json\/wp\/v2\/comments?post=50"}],"version-history":[{"count":18,"href":"https:\/\/www.thueringen.freidenker.org\/index.php\/wp-json\/wp\/v2\/pages\/50\/revisions"}],"predecessor-version":[{"id":918,"href":"https:\/\/www.thueringen.freidenker.org\/index.php\/wp-json\/wp\/v2\/pages\/50\/revisions\/918"}],"up":[{"embeddable":true,"href":"https:\/\/www.thueringen.freidenker.org\/index.php\/wp-json\/wp\/v2\/pages\/42"}],"wp:attachment":[{"href":"https:\/\/www.thueringen.freidenker.org\/index.php\/wp-json\/wp\/v2\/media?parent=50"}],"curies":[{"name":"wp","href":"https:\/\/api.w.org\/{rel}","templated":true}]}}