{"id":25,"date":"2016-02-02T12:19:20","date_gmt":"2016-02-02T11:19:20","guid":{"rendered":"http:\/\/www.thueringen.freidenker.org\/cms\/?page_id=25"},"modified":"2016-02-03T11:38:53","modified_gmt":"2016-02-03T10:38:53","slug":"gedanken","status":"publish","type":"page","link":"https:\/\/www.thueringen.freidenker.org\/index.php\/gedanken\/","title":{"rendered":"Gedanken"},"content":{"rendered":"<h3>Atheismus und Religion<\/h3>\n<p>Meine Grundposition wird folgend dargestellt als Antwort auf die Frage:<\/p>\n<blockquote><p>Glauben Sie an Gott?<\/p><\/blockquote>\n<p>Als erstes sei festgestellt, dass in dieser Frage zwei Fragen enthalten sind:<\/p>\n<blockquote><p>&#8211; Glauben Sie, dass es Gott gibt? und<\/p>\n<p>&#8211; Glauben Sie an seine Allm\u00e4chtigkeit?<\/p><\/blockquote>\n<p>Die erste Frage ist Voraussetzung f\u00fcr die zweite. So m\u00f6chte ich zun\u00e4chst diese aufgreifen und beantworten:<\/p>\n<blockquote><p>Nein, ich <strong>glaube<\/strong> nicht, weil man nur das glauben muss, was man nicht wissen kann.<\/p><\/blockquote>\n<p>Ich <strong>wei\u00df<\/strong>, dass es Gott gibt, und diesen in vielen Varianten. Die vielen gl\u00e4ubigen Menschen sind der Beweis daf\u00fcr. Die Buddhisten allerdings kommen ganz ohne ihn aus.<br \/>\nDer Mensch schuf Gott sich ihm zum Bilde, und damit ein Konzept, um Unerkl\u00e4rliches und Unverst\u00e4ndliches auf einfache Weise erkl\u00e4ren zu k\u00f6nnen. Das Konzept ist auch bestens geeignet, psychische Belastungen erfolgreich zu bew\u00e4ltigen. Es ist vergleichbar mit der Konzeption einer Br\u00fccke, die einem hilft, tiefe Schluchten und rei\u00dfende Fl\u00fcsse sicher zu \u00fcberqueren.<br \/>\nWenn das Konzept gut ist, dann kann man selbst mit einer Last das andere Ufer sicher erreichen, sie evtl. unterwegs auch f\u00fcr immer und ewig abwerfen.<br \/>\nSo passt die Existenz Gottes widerspruchsfrei in eine dialektisch-materialistische Grundposition hinein.<\/p>\n<p>Abschlie\u00dfend sei auf den Vergleich zur\u00fcckkommend festgestellt: Ich erkenne diese &#8222;Br\u00fccke&#8220; an, nehme sie aber nicht in Anspruch.<\/p>\n<p>Jena, Juli 2008<br \/>\nDr. H. Luthardt<\/p>\n","protected":false},"excerpt":{"rendered":"<p>Atheismus und Religion Meine Grundposition wird folgend dargestellt als Antwort auf die Frage: Glauben Sie an Gott? Als erstes sei festgestellt, dass in dieser Frage zwei Fragen enthalten sind: &#8211; Glauben Sie, dass es Gott gibt? und &#8211; Glauben Sie an seine Allm\u00e4chtigkeit? Die erste Frage ist Voraussetzung f\u00fcr die zweite. So m\u00f6chte ich zun\u00e4chst [&hellip;]<\/p>\n","protected":false},"author":1,"featured_media":0,"parent":0,"menu_order":35,"comment_status":"closed","ping_status":"closed","template":"","meta":{"jetpack_post_was_ever_published":false,"footnotes":""},"class_list":["post-25","page","type-page","status-publish","hentry"],"jetpack_shortlink":"https:\/\/wp.me\/P7cwsB-p","jetpack-related-posts":[{"id":229,"url":"https:\/\/www.thueringen.freidenker.org\/index.php\/kreisverbaende\/kv-jena\/texte\/religionskritik-und-materialismus-eine-einfuehrung-in-das-philosophische-werk-und-wirken-ludwig-feuerbachs\/","url_meta":{"origin":25,"position":0},"title":"Religionskritik und Materialismus &#8211; eine Einf\u00fchrung in das philosophische Werk und Wirken Ludwig Feuerbachs","author":"Webmaster","date":"3. Februar 2016","format":false,"excerpt":"Vorwort von Hans-G\u00fcnter Eschke Ich will noch auf eines aufmerksam machen, was vielleicht zum Vorspann zum besseren Verst\u00e4ndnis f\u00fcr den Leser dienen kann: Das offizielle Deutschland begeht ein Kant-Jahr und vergeht sich - vereinzelte Publikationen Zeigen - teilweise an ihm. Wir Freidenker haben zum Feuerbach-Jahr aufgerufen. Ich habe mich darum\u2026","rel":"","context":"\u00c4hnlicher Beitrag","block_context":{"text":"\u00c4hnlicher Beitrag","link":""},"img":{"alt_text":"","src":"","width":0,"height":0},"classes":[]},{"id":32,"url":"https:\/\/www.thueringen.freidenker.org\/index.php\/archiv\/","url_meta":{"origin":25,"position":1},"title":"Archiv","author":"Webmaster","date":"2. Februar 2016","format":false,"excerpt":"\u201eDas sechzehnte Jahrhundert zerrei\u00dft die Glaubenseinheit. Vor der Buchdruckerkunst w\u00e4re die Reformation nur eine Spaltung gewesen, die Erfindung des Buchdruckes macht sie zur Revolution. Man nehme die Presse weg, und die Ketzerei ist wirkungslos. Mag das verh\u00e4ngnisvoll oder von der Vorsehung bestimmt sein: Guttenberg ist der Vorl\u00e4ufer Luthers.\u201c [Hugo: Der\u2026","rel":"","context":"\u00c4hnlicher Beitrag","block_context":{"text":"\u00c4hnlicher Beitrag","link":""},"img":{"alt_text":"","src":"","width":0,"height":0},"classes":[]},{"id":233,"url":"https:\/\/www.thueringen.freidenker.org\/index.php\/kreisverbaende\/kv-jena\/texte\/angst\/","url_meta":{"origin":25,"position":2},"title":"ANGST","author":"Webmaster","date":"3. Februar 2016","format":false,"excerpt":"Zentrales Element ihrer (Un-)Kultur Zun\u00e4chst ein paar Fallbeispiele aus verschiedenen Teilen unseres Kontinentes: 1. 10.00 Uhr am vormittag in einer Millionenstadt. Ich klingele an der Haust\u00fcr eines Mehrgeschossers. Die Inhaberin spricht mit mir \u00fcber die Wechselsprechanlage. Drau\u00dfen normaler Betrieb. Gen\u00fcgend Leute und alles. Ich stelle mich vor als Gesandter von\u2026","rel":"","context":"\u00c4hnlicher Beitrag","block_context":{"text":"\u00c4hnlicher Beitrag","link":""},"img":{"alt_text":"","src":"","width":0,"height":0},"classes":[]},{"id":218,"url":"https:\/\/www.thueringen.freidenker.org\/index.php\/kreisverbaende\/kv-jena\/texte\/was-kann-psychologie-und-was-kann-sie-nicht\/","url_meta":{"origin":25,"position":3},"title":"Was kann Psychologie und was kann sie nicht?","author":"Webmaster","date":"3. Februar 2016","format":false,"excerpt":"Die Veranstaltung unserer Ortsgruppe unter diesem Thema sollte dazu beitragen, als Einf\u00fchrung in das Thema Psychologie den Gegenstand des Faches abzugrenzen. Worin besteht dieser Gegenstand ? Die Anwesenden kamen gewi\u00df zu unterschiedlichen Schlu\u00dffolgerungen aus den Darlegungen des Referenten Dr. Matthias John, der einen \u00dcberblick \u00fcber alles gab, was unter dem\u2026","rel":"","context":"\u00c4hnlicher Beitrag","block_context":{"text":"\u00c4hnlicher Beitrag","link":""},"img":{"alt_text":"","src":"","width":0,"height":0},"classes":[]},{"id":221,"url":"https:\/\/www.thueringen.freidenker.org\/index.php\/kreisverbaende\/kv-jena\/texte\/die-wuerde-des-menschen-grundfrage-unserer-zeit\/","url_meta":{"origin":25,"position":4},"title":"Die W\u00fcrde des Menschen (Grundfrage unserer Zeit)","author":"Webmaster","date":"3. Februar 2016","format":false,"excerpt":"von Hans-G\u00fcnter Eschke 1. Entfremdung ( Selbstfindung -W\u00fcrde des Menschen) Gegenw\u00e4rtig ist die Menschenw\u00fcrde weltweit praktisch wie theoretisch harten Pr\u00fcfungen unterworfen. \u00dcberall gehen Wandlungen vor sich, die tief in die Lebensqualit\u00e4t der V\u00f6lker und der sie tragenden Individuen eingreifen. Dabei machen sich mit gro\u00dfer Intensit\u00e4t gegenl\u00e4ufige Tendenzen zwischen dem wachsenden\u2026","rel":"","context":"\u00c4hnlicher Beitrag","block_context":{"text":"\u00c4hnlicher Beitrag","link":""},"img":{"alt_text":"","src":"","width":0,"height":0},"classes":[]},{"id":173,"url":"https:\/\/www.thueringen.freidenker.org\/index.php\/kreisverbaende\/kv-greiz\/texte\/","url_meta":{"origin":25,"position":5},"title":"Texte","author":"Webmaster","date":"3. Februar 2016","format":false,"excerpt":"Texte von Rudi W. Berger Vom heiligen Krieg Vorsicht, da schleiche sie, die finstere, b\u00e4rtige Gestalt. Vom Dunst des Koran eingeh\u00fcllt sie sinne auf Gewalt? Wer dirigiert da F\u00e4uste, Drohnen, Kanonen und setzt Noten dieser t\u00f6dlichen Musik: Kreuz kontra Halbmond, kontra Stern? Meinst Du, der Moslem will diesen Krieg? Bald\u2026","rel":"","context":"\u00c4hnlicher Beitrag","block_context":{"text":"\u00c4hnlicher Beitrag","link":""},"img":{"alt_text":"","src":"","width":0,"height":0},"classes":[]}],"jetpack_sharing_enabled":true,"_links":{"self":[{"href":"https:\/\/www.thueringen.freidenker.org\/index.php\/wp-json\/wp\/v2\/pages\/25","targetHints":{"allow":["GET"]}}],"collection":[{"href":"https:\/\/www.thueringen.freidenker.org\/index.php\/wp-json\/wp\/v2\/pages"}],"about":[{"href":"https:\/\/www.thueringen.freidenker.org\/index.php\/wp-json\/wp\/v2\/types\/page"}],"author":[{"embeddable":true,"href":"https:\/\/www.thueringen.freidenker.org\/index.php\/wp-json\/wp\/v2\/users\/1"}],"replies":[{"embeddable":true,"href":"https:\/\/www.thueringen.freidenker.org\/index.php\/wp-json\/wp\/v2\/comments?post=25"}],"version-history":[{"count":2,"href":"https:\/\/www.thueringen.freidenker.org\/index.php\/wp-json\/wp\/v2\/pages\/25\/revisions"}],"predecessor-version":[{"id":83,"href":"https:\/\/www.thueringen.freidenker.org\/index.php\/wp-json\/wp\/v2\/pages\/25\/revisions\/83"}],"wp:attachment":[{"href":"https:\/\/www.thueringen.freidenker.org\/index.php\/wp-json\/wp\/v2\/media?parent=25"}],"curies":[{"name":"wp","href":"https:\/\/api.w.org\/{rel}","templated":true}]}}