{"id":14,"date":"2016-02-02T12:15:41","date_gmt":"2016-02-02T11:15:41","guid":{"rendered":"http:\/\/www.thueringen.freidenker.org\/cms\/?page_id=14"},"modified":"2021-08-23T15:13:42","modified_gmt":"2021-08-23T13:13:42","slug":"landesverband","status":"publish","type":"page","link":"https:\/\/www.thueringen.freidenker.org\/index.php\/landesverband\/","title":{"rendered":"Landesverband \/ Vorstand"},"content":{"rendered":"<p>Der Landesvorstand besteht aus den von der Landesmitgliederversammlung gew\u00e4hlten Mitgliedern des Gesch\u00e4ftsf\u00fchrenden Vorstandes sowie den Vorsitzenden der Kreisverb\u00e4nde.<\/p>\n<p>Mitglieder des <strong>Gesch\u00e4ftsf\u00fchrenden Vorstandes <\/strong>sind seit der aktuellen Wahl im Juli 2021<\/p>\n<p><strong>Landesvorsitzende: Heike Cienskowski<br \/>\n<\/strong><\/p>\n<p>Telefon: 03661 \/ 434774<\/p>\n<p><strong>Stellv. Landesvorsitzende: <\/strong><strong>Helga Borchert<\/strong><\/p>\n<p><strong>Schatzmeisterin: Dr. Michael G\u00f6lles<\/strong><\/p>\n<p><strong>E-Mail: <\/strong> <a href=\"mailto:dfv-thueringen@freidenker.org\">dfv-thueringen@freidenker.org<\/a><\/p>\n","protected":false},"excerpt":{"rendered":"<p>Der Landesvorstand besteht aus den von der Landesmitgliederversammlung gew\u00e4hlten Mitgliedern des Gesch\u00e4ftsf\u00fchrenden Vorstandes sowie den Vorsitzenden der Kreisverb\u00e4nde. Mitglieder des Gesch\u00e4ftsf\u00fchrenden Vorstandes sind seit der aktuellen Wahl im Juli 2021 Landesvorsitzende: Heike Cienskowski Telefon: 03661 \/ 434774 Stellv. Landesvorsitzende: Helga Borchert Schatzmeisterin: Dr. Michael G\u00f6lles E-Mail: dfv-thueringen@freidenker.org<\/p>\n","protected":false},"author":1,"featured_media":0,"parent":0,"menu_order":10,"comment_status":"closed","ping_status":"closed","template":"","meta":{"jetpack_post_was_ever_published":false,"footnotes":""},"class_list":["post-14","page","type-page","status-publish","hentry"],"jetpack_shortlink":"https:\/\/wp.me\/P7cwsB-e","jetpack-related-posts":[{"id":17,"url":"https:\/\/www.thueringen.freidenker.org\/index.php\/satzung\/","url_meta":{"origin":14,"position":0},"title":"Satzung","author":"Webmaster","date":"2. Februar 2016","format":false,"excerpt":"des Deutschen Freidenker-Verbandes (DFV), Landesverband Th\u00fcringen e.V. \u00a7 1 \u2013 Name und Sitz 1.\u00a0\u00a0\u00a0 Der Verband tr\u00e4gt den Namen Deutscher Freidenker-Verband, Landesverband Th\u00fcringen\u00a0 e.V. 2.\u00a0\u00a0\u00a0 Der DFV Th\u00fcringen ist als Landesverband des Deutschen Freidenkerverbandes e.V. eingetragen unter der Nr.: VR 1094 beim Amtsgericht Gotha. 3.\u00a0\u00a0\u00a0 Er wirkt als Landesverband und\u2026","rel":"","context":"\u00c4hnlicher Beitrag","block_context":{"text":"\u00c4hnlicher Beitrag","link":""},"img":{"alt_text":"","src":"","width":0,"height":0},"classes":[]},{"id":218,"url":"https:\/\/www.thueringen.freidenker.org\/index.php\/kreisverbaende\/kv-jena\/texte\/was-kann-psychologie-und-was-kann-sie-nicht\/","url_meta":{"origin":14,"position":1},"title":"Was kann Psychologie und was kann sie nicht?","author":"Webmaster","date":"3. Februar 2016","format":false,"excerpt":"Die Veranstaltung unserer Ortsgruppe unter diesem Thema sollte dazu beitragen, als Einf\u00fchrung in das Thema Psychologie den Gegenstand des Faches abzugrenzen. Worin besteht dieser Gegenstand ? Die Anwesenden kamen gewi\u00df zu unterschiedlichen Schlu\u00dffolgerungen aus den Darlegungen des Referenten Dr. Matthias John, der einen \u00dcberblick \u00fcber alles gab, was unter dem\u2026","rel":"","context":"\u00c4hnlicher Beitrag","block_context":{"text":"\u00c4hnlicher Beitrag","link":""},"img":{"alt_text":"","src":"","width":0,"height":0},"classes":[]},{"id":226,"url":"https:\/\/www.thueringen.freidenker.org\/index.php\/kreisverbaende\/kv-jena\/texte\/zum-problem-der-werte-der-menschenwuerde-und-verantwortung\/","url_meta":{"origin":14,"position":2},"title":"Zum Problem der Werte, der Menschenw\u00fcrde und Verantwortung","author":"Webmaster","date":"3. Februar 2016","format":false,"excerpt":"von Hans-G\u00fcnter Eschke 1. Wenn, wie gegenw\u00e4rtig Probleme der Menschenw\u00fcrde, der Werte des Lebens und der Kultur immer st\u00e4rker in den Mittelpunkt weltanschaulichen Fragens der Zeit r\u00fccken, dann steckt in der Regel eine allgemeine Krise der Lebensweise dahinter. Im globalem Ausma\u00df greifen Wandlungen immer tiefer in die Lebensqualit\u00e4t einer wachsenden\u2026","rel":"","context":"\u00c4hnlicher Beitrag","block_context":{"text":"\u00c4hnlicher Beitrag","link":""},"img":{"alt_text":"","src":"","width":0,"height":0},"classes":[]},{"id":150,"url":"https:\/\/www.thueringen.freidenker.org\/index.php\/kreisverbaende\/kv-erfurt\/positionen\/","url_meta":{"origin":14,"position":3},"title":"Positionen","author":"Webmaster","date":"3. Februar 2016","format":false,"excerpt":"Positionen des DFV e.V Erfurt und Umland zur Bildung Die Diskussion und Verabschiedung des Th\u00fcringer Bildungsgesetzes durch den Th\u00fcringer Landtag haben wir aufmerksam verfolgt. Die breite Diskussion unter der Elternschaft und allen an der Erziehung und Bildung beteiligten nehmen wir zum Anlass unseren Standpunkt zur Ausgestaltung des Bildungswesens erneut in\u2026","rel":"","context":"\u00c4hnlicher Beitrag","block_context":{"text":"\u00c4hnlicher Beitrag","link":""},"img":{"alt_text":"","src":"","width":0,"height":0},"classes":[]},{"id":168,"url":"https:\/\/www.thueringen.freidenker.org\/index.php\/kreisverbaende\/kv-greiz\/aktuelles\/","url_meta":{"origin":14,"position":4},"title":"Aktuelles","author":"Webmaster","date":"3. Februar 2016","format":false,"excerpt":"Maxi Wunders \u00dcberlebensrezepte Junge Welt - Kolumnistin Maxi Wunder und Kabarettist Dr.Seltsam zwischen Kochrezepten und gro\u00dfer Politik. Freitag, 1.Mai 2026, 14 Uhr, Studiob\u00fchne der Vogtlandhalle Greiz ------------------- Ernst-Th\u00e4lmann-Ehrung zum 140.Geburtstag Am 16.4.2026 j\u00e4hrt sich der Geburtstag des antifaschistischen Widerstandsk\u00e4mpfers, des Reichs\u00adtagsabgeordneten und Vorsitzenden der KPD, Ernst Th\u00e4lmann, zum 140.Mal. Mit\u2026","rel":"","context":"\u00c4hnlicher Beitrag","block_context":{"text":"\u00c4hnlicher Beitrag","link":""},"img":{"alt_text":"","src":"https:\/\/i0.wp.com\/www.thueringen.freidenker.org\/cms\/wp-content\/uploads\/2024\/10\/Im-Barbur-Garten-3.jpg?resize=350%2C200&ssl=1","width":350,"height":200,"srcset":"https:\/\/i0.wp.com\/www.thueringen.freidenker.org\/cms\/wp-content\/uploads\/2024\/10\/Im-Barbur-Garten-3.jpg?resize=350%2C200&ssl=1 1x, https:\/\/i0.wp.com\/www.thueringen.freidenker.org\/cms\/wp-content\/uploads\/2024\/10\/Im-Barbur-Garten-3.jpg?resize=525%2C300&ssl=1 1.5x"},"classes":[]},{"id":221,"url":"https:\/\/www.thueringen.freidenker.org\/index.php\/kreisverbaende\/kv-jena\/texte\/die-wuerde-des-menschen-grundfrage-unserer-zeit\/","url_meta":{"origin":14,"position":5},"title":"Die W\u00fcrde des Menschen (Grundfrage unserer Zeit)","author":"Webmaster","date":"3. Februar 2016","format":false,"excerpt":"von Hans-G\u00fcnter Eschke 1. Entfremdung ( Selbstfindung -W\u00fcrde des Menschen) Gegenw\u00e4rtig ist die Menschenw\u00fcrde weltweit praktisch wie theoretisch harten Pr\u00fcfungen unterworfen. \u00dcberall gehen Wandlungen vor sich, die tief in die Lebensqualit\u00e4t der V\u00f6lker und der sie tragenden Individuen eingreifen. Dabei machen sich mit gro\u00dfer Intensit\u00e4t gegenl\u00e4ufige Tendenzen zwischen dem wachsenden\u2026","rel":"","context":"\u00c4hnlicher Beitrag","block_context":{"text":"\u00c4hnlicher Beitrag","link":""},"img":{"alt_text":"","src":"","width":0,"height":0},"classes":[]}],"jetpack_sharing_enabled":true,"_links":{"self":[{"href":"https:\/\/www.thueringen.freidenker.org\/index.php\/wp-json\/wp\/v2\/pages\/14","targetHints":{"allow":["GET"]}}],"collection":[{"href":"https:\/\/www.thueringen.freidenker.org\/index.php\/wp-json\/wp\/v2\/pages"}],"about":[{"href":"https:\/\/www.thueringen.freidenker.org\/index.php\/wp-json\/wp\/v2\/types\/page"}],"author":[{"embeddable":true,"href":"https:\/\/www.thueringen.freidenker.org\/index.php\/wp-json\/wp\/v2\/users\/1"}],"replies":[{"embeddable":true,"href":"https:\/\/www.thueringen.freidenker.org\/index.php\/wp-json\/wp\/v2\/comments?post=14"}],"version-history":[{"count":9,"href":"https:\/\/www.thueringen.freidenker.org\/index.php\/wp-json\/wp\/v2\/pages\/14\/revisions"}],"predecessor-version":[{"id":1138,"href":"https:\/\/www.thueringen.freidenker.org\/index.php\/wp-json\/wp\/v2\/pages\/14\/revisions\/1138"}],"wp:attachment":[{"href":"https:\/\/www.thueringen.freidenker.org\/index.php\/wp-json\/wp\/v2\/media?parent=14"}],"curies":[{"name":"wp","href":"https:\/\/api.w.org\/{rel}","templated":true}]}}

<p>Der Landesvorstand besteht aus den von der Landesmitgliederversammlung gewählten Mitgliedern des Geschäftsführenden Vorstandes sowie den Vorsitzenden der Kreisverbände.</p>
<p>Mitglieder des <strong>Geschäftsführenden Vorstandes </strong>sind seit der aktuellen Wahl im Juli 2021</p>
<p><strong>Landesvorsitzende: Heike Cienskowski<br />
</strong></p>
<p>Telefon: 03661 / 434774</p>
<p><strong>Stellv. Landesvorsitzende: </strong><strong>Helga Borchert</strong></p>
<p><strong>Schatzmeisterin: Dr. Michael Gölles</strong></p>
<p><strong>E-Mail: </strong> <a href="mailto:dfv-thueringen@freidenker.org">dfv-thueringen@freidenker.org</a></p>

<p>Der Landesvorstand besteht aus den von der Landesmitgliederversammlung gewählten Mitgliedern des Geschäftsführenden Vorstandes sowie den Vorsitzenden der Kreisverbände. Mitglieder des Geschäftsführenden Vorstandes sind seit der aktuellen Wahl im Juli 2021 Landesvorsitzende: Heike Cienskowski Telefon: 03661 / 434774 Stellv. Landesvorsitzende: Helga Borchert Schatzmeisterin: Dr. Michael Gölles E-Mail: dfv-thueringen@freidenker.org</p>

des Deutschen Freidenker-Verbandes (DFV), Landesverband Thüringen e.V. § 1 – Name und Sitz 1.    Der Verband trägt den Namen Deutscher Freidenker-Verband, Landesverband Thüringen  e.V. 2.    Der DFV Thüringen ist als Landesverband des Deutschen Freidenkerverbandes e.V. eingetragen unter der Nr.: VR 1094 beim Amtsgericht Gotha. 3.    Er wirkt als Landesverband und…

Ähnlicher Beitrag

Die Veranstaltung unserer Ortsgruppe unter diesem Thema sollte dazu beitragen, als Einführung in das Thema Psychologie den Gegenstand des Faches abzugrenzen. Worin besteht dieser Gegenstand ? Die Anwesenden kamen gewiß zu unterschiedlichen Schlußfolgerungen aus den Darlegungen des Referenten Dr. Matthias John, der einen Überblick über alles gab, was unter dem…

Zum Problem der Werte, der Menschenwürde und Verantwortung

von Hans-Günter Eschke 1. Wenn, wie gegenwärtig Probleme der Menschenwürde, der Werte des Lebens und der Kultur immer stärker in den Mittelpunkt weltanschaulichen Fragens der Zeit rücken, dann steckt in der Regel eine allgemeine Krise der Lebensweise dahinter. Im globalem Ausmaß greifen Wandlungen immer tiefer in die Lebensqualität einer wachsenden…

Positionen des DFV e.V Erfurt und Umland zur Bildung Die Diskussion und Verabschiedung des Thüringer Bildungsgesetzes durch den Thüringer Landtag haben wir aufmerksam verfolgt. Die breite Diskussion unter der Elternschaft und allen an der Erziehung und Bildung beteiligten nehmen wir zum Anlass unseren Standpunkt zur Ausgestaltung des Bildungswesens erneut in…

Maxi Wunders Überlebensrezepte Junge Welt - Kolumnistin Maxi Wunder und Kabarettist Dr.Seltsam zwischen Kochrezepten und großer Politik. Freitag, 1.Mai 2026, 14 Uhr, Studiobühne der Vogtlandhalle Greiz ------------------- Ernst-Thälmann-Ehrung zum 140.Geburtstag Am 16.4.2026 jährt sich der Geburtstag des antifaschistischen Widerstandskämpfers, des Reichs­tagsabgeordneten und Vorsitzenden der KPD, Ernst Thälmann, zum 140.Mal. Mit…

Die Würde des Menschen (Grundfrage unserer Zeit)

von Hans-Günter Eschke 1. Entfremdung ( Selbstfindung -Würde des Menschen) Gegenwärtig ist die Menschenwürde weltweit praktisch wie theoretisch harten Prüfungen unterworfen. Überall gehen Wandlungen vor sich, die tief in die Lebensqualität der Völker und der sie tragenden Individuen eingreifen. Dabei machen sich mit großer Intensität gegenläufige Tendenzen zwischen dem wachsenden…
